is the thousands digit of 200224?
0
What is the hundred thousands digit of 9733839?
7
What is the tens digit of 53466?
6
What is the hundred thousands digit of 14190967?
1
What is the thousands digit of 2555826?
5
What is the hundreds digit of 264251?
2
What is the hundred thousands digit of 899488?
8
What is the thousands digit of 4652987?
2
What is the ten thousands digit of 244616?
4
What is the ten thousands digit of 6589350?
8
What is the ten thousands digit of 13046015?
4
What is the hundreds digit of 20031603?
6
What is the millions digit of 6918393?
6
What is the hundreds digit of 3972814?
8
What is the hundred thousands digit of 15148480?
1
What is the hundreds digit of 4503111?
1
What is the hundreds digit of 13053110?
1
What is the thousands digit of 6139660?
9
What is the tens digit of 25560493?
9
What is the ten thousands digit of 2117690?
1
What is the units digit of 232670?
0
What is the units digit of 237930?
0
What is the units digit of 184800?
0
What is the hundred thousands digit of 391163?
3
What is the tens digit of 615484?
8
What is the ten millions digit of 19741077?
1
What is the units digit of 3094769?
9
What is the millions digit of 30558112?
0
What is the units digit of 303868?
8
What is the hundreds digit of 92741?
7
What is the hundreds digit of 366650?
6
What is the hundreds digit of 8227816?
8
What is the millions digit of 27783841?
7
What is the ten thousands digit of 108269?
0
What is the thousands digit of 2781082?
1
What is the tens digit of 1271525?
2
What is the hundreds digit of 70377?
3
What is the ten thousands digit of 8713800?
1
What is the ten thousands digit of 7311581?
1
What is the tens digit of 55365?
6
What is the hundred thousands digit of 662796?
6
What is the thousands digit of 8910340?
0
What is the millions digit of 17755882?
7
What is the units digit of 3015728?
8
What is the ten thousands digit of 2281075?
8
What is the ten thousands digit of 22856849?
5
What is the units digit of 2706522?
2
What is the hundreds digit of 1843875?
8
What is the hundreds digit of 32425473?
4
What is the units digit of 1644069?
9
What is the tens digit of 20123550?
5
What is the units digit of 935665?
5
What is the tens digit of 2851000?
0
What is the thousands digit of 441183?
1
What is the hundreds digit of 3115050?
0
What is the ten thousands digit of 5091542?
9
What is the thousands digit of 215550?
5
What is the units digit of 1926512?
2
What is the thousands digit of 32145314?
5
What is the hundreds digit of 1544636?
6
What is the tens digit of 1129984?
8
What is the millions digit of 19392084?
9
What is the tens digit of 85417?
1
What is the hundreds digit of 108440?
4
What is the units digit of 1594942?
2
What is the millions digit of 5950865?
5
What is the millions digit of 1649264?
1
What is the tens digit of 7827035?
3
What is the millions digit of 3532727?
3
What is the ten thousands digit of 234089?
3
What is the thousands digit of 1587384?
7
What is the tens digit of 422039?
3
What is the tens digit of 830757?
5
What is the tens digit of 5843617?
1
What is the millions digit of 2161357?
2
What is the tens digit of 452774?
7
What is the hundreds digit of 259398?
3
What is the units digit of 378350?
0
What is the hundred thousands digit of 11713605?
7
What is the hundred thousands digit of 884469?
8
What is the thousands digit of 12832906?
2
What is the hundred thousands digit of 1750114?
7
What is the tens digit of 1098646?
4
What is the ten thousands digit of 718866?
1
What is the thousands digit of 10806?
0
What is the units digit of 2803490?
0
What is the thousands digit of 4442305?
2
What is the units digit of 385993?
3
What is the tens digit of 4289393?
9
What is the ten thousands digit of 5909103?
0
What is the thousands digit of 1102479?
2
What is the tens digit of 56467?
6
What is the thousands digit of 163878?
3
What is the ten millions digit of 10433193?
1
What is the hundreds digit of 7264052?
0
What is the ten thousands digit of 502489?
0
What is the thousands digit of 319492?
9
What is the ten millions digit of 17033882?
1
What is the units digit of 278378?
8
What is the ten thousands digit of 307869?
0
What is the tens digit of 292675?
7
What is the hundreds digit of 3832826?
8
What is the tens digit of 393338?
3
What is the units digit of 5518439?
9
What is the thousands digit of 257846?
7
What is the hundred thousands digit of 645037?
6
What is the hundred thousands digit of 509794?
5
What is the tens digit of 5898034?
3
What is the hundred thousands digit of 4321846?
3
What is the tens digit of 3168967?
6
What is the units digit of 1242547?
7
What is the units digit of 24787433?
3
What is the ten thousands digit of 1816233?
1
What is the hundreds digit of 27997?
9
What is the tens digit of 211175?
7
What is the tens digit of 200330?
3
What is the hundreds digit of 592040?
0
What is the tens digit of 14703?
0
What is the ten thousands digit of 3090808?
9
What is the hundred thousands digit of 12956505?
9
What is the hundreds digit of 38662?
6
What is the ten thousands digit of 11124019?
2
What is the ten thousands digit of 422316?
2
What is the thousands digit of 2134168?
4
What is the tens digit of 281170?
7
What is the hundreds digit of 733298?
2
What is the units digit of 515317?
7
What is the ten thousands digit of 5551613?
5
What is the units digit of 37573?
3
What is the ten millions digit of 11927053?
1
What is the thousands digit of 20024642?
4
What is the thousands digit of 2224854?
4
What is the tens digit of 1135998?
9
What is the units digit of 370704?
4
What is the ten thousands digit of 23714?
2
What is the units digit of 4273879?
9
What is the tens digit of 3214070?
7
What is the hundred thousands digit of 1390818?
3
What is the tens digit of 967770?
7
What is the units digit of 860716?
6
What is the ten thousands digit of 187372?
8
What is the tens digit of 360582?
8
What is the ten millions digit of 28749526?
2
What is the ten thousands digit of 301970?
0
What is the millions digit of 2639079?
2
What is the tens digit of 24086736?
3
What is the millions digit of 6501337?
6
What is the hundred thousands digit of 767076?
7
What is the hundreds digit of 7290259?
2
What is the hundred thousands digit of 791897?
7
What is the units digit of 3779286?
6
What is the units digit of 31245373?
3
What is the ten millions digit of 18181480?
1
What is the tens digit of 699387?
8
What is the ten thousands digit of 152851?
5
What is the millions digit of 5513257?
5
What is the tens digit of 2029138?
3
What is the hundred thousands digit of 40132013?
1
What is the thousands digit of 10206720?
6
What is the ten thousands digit of 5527392?
2
What is the tens digit of 821565?
6
What is the hundreds digit of 3280089?
0
What is the hundreds digit of 289005?
0
What is the units digit of 14690615?
5
What is the ten thousands digit of 923721?
2
What is the tens digit of 328308?
0
What is the ten thousands digit of 34930883?
3
What is the hundreds digit of 7053860?
8
What is the units digit of 104217?
7
What is the tens digit of 369088?
8
What is the tens digit of 248721?
2
What is the hundreds digit of 304420?
4
What is the thousands digit of 431314?
1
What is the hundred thousands digit of 727154?
7
What is the units digit of 4128391?
1
What is the hundreds digit of 947591?
5
What is the thousands digit of 39275?
9
What is the thousands digit of 20880364?
0
What is the thousands digit of 269985?
9
What is the ten thousands digit of 267323?
6
What is the tens digit of 6396475?
7
What is the units digit of 14149720?
0
What is the hundred thousands digit of 11716612?
7
What is the hundred thousands digit of 377405?
3
What is the ten thousands digit of 333555?
3
What is the ten thousands digit of 6454468?
5
What is the tens digit of 5253717?
1
What is the units digit of 8894991?
1
What is the ten thousands digit of 508127?
0
What is the hundreds digit of 395296?
2
What is the tens digit of 769454?
5
What is the hundred thousands digit of 3086913?
0
What is the hundred thousands digit of 145772?
1
What is the units digit of 3788886?
6
What is the hundreds digit of 1469715?
7
What is the millions digit of 1888520?
1
What is the tens digit of 18560402?
0
What is the thousands digit of 3703